256571 a prime number?
True
Is 470399 prime?
True
Is 375502994 a prime number?
False
Is 16424999 a prime number?
True
Is 2199683 composite?
False
Is 50395249 composite?
False
Is 54653609 a prime number?
True
Is 49957339 a composite number?
True
Is 10744963 a prime number?
True
Is 1221761 a composite number?
False
Is 2949353 prime?
False
Is 65364283 a composite number?
False
Is 7060211 a prime number?
False
Is 7456193 prime?
False
Is 12785995 a prime number?
False
Is 6420397 a prime number?
False
Is 4801957 composite?
True
Is 5805841 prime?
True
Is 1256886257 prime?
False
Is 3470821 composite?
False
Is 169262771 a composite number?
False
Is 67902535 prime?
False
Is 118087061 a composite number?
False
Is 619757 a prime number?
False
Is 2597897 prime?
True
Is 3702323 a prime number?
True
Is 4983107 composite?
False
Is 3184729 a composite number?
True
Is 16176133 composite?
False
Is 1999159 a composite number?
True
Is 3797419 a prime number?
True
Is 66841321 a composite number?
True
Is 1857279991 a composite number?
True
Is 1956719 prime?
True
Is 8662109 a composite number?
False
Is 50160295 a prime number?
False
Is 16295341 prime?
True
Is 50824045 a composite number?
True
Is 13661909 a composite number?
False
Is 33605387 prime?
True
Is 12040781 composite?
False
Is 99448931 a prime number?
True
Is 4099541 prime?
True
Is 2943037 prime?
False
Is 10368169 prime?
False
Is 8720869 prime?
False
Is 46140971 prime?
True
Is 142954066 prime?
False
Is 3143953 a composite number?
False
Is 71906509 composite?
True
Is 4321931 a prime number?
True
Is 246578429 a composite number?
False
Is 8295505 a composite number?
True
Is 55125451 a prime number?
True
Is 5140357 prime?
True
Is 2950001 composite?
False
Is 7776101 a prime number?
False
Is 72497 a composite number?
False
Is 411216199 prime?
False
Is 2933891 prime?
True
Is 166609189 a prime number?
False
Is 18878315 a prime number?
False
Is 377011 a prime number?
True
Is 27381097 a prime number?
False
Is 7607417 a composite number?
False
Is 10775203 prime?
True
Is 82929507 prime?
False
Is 21031627 composite?
False
Is 228703223 composite?
True
Is 9167173 prime?
False
Is 72086641 a prime number?
False
Is 21661361 a prime number?
False
Is 1658431 a prime number?
False
Is 30754603 a prime number?
False
Is 33231467 composite?
True
Is 5988251 composite?
False
Is 30695237 prime?
False
Is 520480963 composite?
True
Is 130135991 composite?
True
Is 706219 composite?
True
Is 38346967 composite?
False
Is 18418109 a prime number?
True
Is 1000271821 a composite number?
True
Is 133254529 a prime number?
True
Is 6307243 prime?
False
Is 26027 prime?
False
Is 154291 a prime number?
True
Is 15042383 prime?
True
Is 59497307 a prime number?
True
Is 66782137 composite?
True
Is 750539 a composite number?
True
Is 130603127 prime?
True
Is 13392229 prime?
False
Is 75253701 a composite number?
True
Is 743123743 prime?
True
Is 45021997 prime?
False
Is 121015369 a prime number?
True
Is 40638982 composite?
True
Is 166267 prime?
False
Is 79919459 a composite number?
True
Is 4307629 a composite number?
False
Is 138244751 prime?
True
Is 52010131 a prime number?
False
Is 47942837 a prime number?
True
Is 312332369 a prime number?
True
Is 53214113 composite?
False
Is 43516799 prime?
False
Is 2487733 a composite number?
True
Is 10654211 composite?
True
Is 30220531 prime?
False
Is 73406509 a prime number?
False
Is 338990867 composite?
False
Is 8534897 prime?
False
Is 1362838 prime?
False
Is 98128573 composite?
True
Is 161180561 a prime number?
False
Is 2740191 a prime number?
False
Is 9925237 a composite number?
True
Is 11901607 prime?
False
Is 2379659 a composite number?
False
Is 5444378 composite?
True
Is 28398761 a composite number?
False
Is 88771 a composite number?
False
Is 5808157 a composite number?
False
Is 112369 a composite number?
True
Is 2513627557 prime?
False
Is 383617691 composite?
False
Is 4086707 composite?
True
Is 48726497 prime?
True
Is 9915341 a prime number?
True
Is 8333677 prime?
False
Is 34147433 composite?
True
Is 118693 prime?
False
Is 4168079 prime?
False
Is 280196993 composite?
True
Is 434851489 a composite number?
False
Is 633693659 prime?
True
Is 309433 a composite number?
False
Is 2335793 a composite number?
True
Is 2376263 a prime number?
True
Is 449077 a prime number?
True
Is 114667229 a composite number?
False
Is 2001037 composite?
False
Is 996661 prime?
False
Is 47578369 composite?
True
Is 100730407 prime?
False
Is 3882733 prime?
True
Is 1416335 a prime number?
False
Is 36349 a prime number?
False
Is 1544293 composite?
True
Is 2603933 composite?
False
Is 146248999 composite?
True
Is 23486137 composite?
True
Is 13462607 prime?
True
Is 23349749 composite?
False
Is 22220267 a prime number?
True
Is 20336353 a composite number?
False
Is 3516763 a prime number?
False
Is 62725499 a composite number?
True
Is 21454541 composite?
False
Is 19761947 prime?
True
Is 25560109 a composite number?
False
Is 2996207 a prime number?
True
Is 71718241 composite?
True
Is 6349589 prime?
True
Is 364879 a composite number?
False
Is 81567161 composite?
True
Is 51879907 composite?
True
Is 42961231 a composite number?
False
Is 212339 a composite number?
True
Is 5143123 a composite number?
True
Is 37203095 prime?
False
Is 11061979 composite?
False
Is 21355883 prime?
True
Is 269317 a composite number?
False
Is 4907687 composite?
False
Is 366662091 prime?
False
Is 107557973 composite?
False
Is 9743927 prime?
False
Is 6757363 prime?
True
Is 89094253 prime?
True
Is 68969029 composite?
False
Is 12861031 prime?
False
Is 4703371 composite?
False
Is 15308999 composite?
False
Is 15450157 composite?
False
Is 8761169 a prime number?
True
Is 11272229 prime?
True
Is 3108689 a prime number?
True
Is 1013143 composite?
False
Is 71577739 a prime number?
True
Is 6750101 composite?
True
Is 7765 composite?
True
Is 10016067 a composite number?
True
Is 10853519 composite?
True
Is 907493 a prime number?
True
Is 4101431 a prime number?
True
Is 55155521 a composite number?
True
Is 1481609 a prime number?
False
Is 1635989 a composite number?
True
Is 12483613 a prime number?
False
Is 48807839 composite?
False
Is 3403 a composite number?
True
Is 35795933 a composite number?
True
Is 7277021 a prime number?
True
Is 4188279 prime?
False
Is 636558601 composite?
True
Is 513671 prime?
False
Is 18355829 prime?
True
Is 1001861849 prime?
False
Is 4366889 a prime number?
True
Is 1142677 composite?
False
Is 4753799 a composite number?
True
Is 1181303 prime?
False
Is 3830081 prime?
False
Is 3597373 composite?
True
Is 1347937 a composite number?
False
Is 2411777 a composite number?
False
Is 532427243 prime?
True
Is 846113 composite?
False
Is 2423681 composite?
True
Is 174831437 a composite number?
True
Is 5574399 a prime number?
False
Is 32406971 composite?
True
Is 14854886 composite?
True
Is 8708851 a composite number?
True
Is 55447627 prime?
True
Is 2212471 prime?
True
Is 57411253 a composite number?
False
Is 1458817 prime?
True
Is 163835599 a composite number?
True
Is 255545 a prime number?
False
Is 16902049 a composite number?
True
Is 8877767 a prime number?
True
Is 54696181 prime?
False
Is 11279777 prime?
True
Is 154007779 prime?
False
Is 293936243 a composite number?
True
Is 19266501 a composite number?
True
Is 102583367 a prime number?
True
Is 2536883 prime?
False
Is 3355933 a composite number?
True
Is 17723113 a prime number?
True
Is 6567835 prime?
False
Is 33401299 a prime number?
True
Is 2639669 a prime number?
True
Is 280531 a composite number?
True
Is 1572469499 a composite number?
False
Is 254329827 prime?
False
Is 47760721 composite?
False
Is 332119439 prime?
True
Is 15576677 composite?
True
Is 10738279 composite?
False
Is 11282141 a prime number?
False
Is 29519989 prime?
True
Is 2486951 prime?
True
Is 11360543 a composite number?
True
Is 842354679 prime?
False
Is 240692443 a composite number?
True
Is 402271241 prime?
False
Is 1103783 prime?
False
Is 7186247 a composite number?
True
Is 50505109 a composite number?
False
Is 374453446 a prime number?
False
Is 2952757 composite?
True
Is 6932743 prime?
True
Is 7136401 a prime number?
True
Is 32144285 a composite number?
True
Is 1179823 composite?
True
Is 273857 prime?
True
Is 15339913 prime?
True
Is 18559711 composite?
Fals